e (1 - 3 - -2) + (18 - (-134 - -108)).
44
What is 3 - (-41 - (-9 - (8 + 2)))?
25
Evaluate (1 + -62 - -17) + -19.
-63
15 + -1 + (38 - 137 - -59)
-26
(-93 + 38 - -45) + 53
43
Calculate (-2 - -8) + 3 + (-40 - (36 + (-77 - -29))).
-19
What is (2 - 65) + 42 + -212 + 157?
-76
What is the value of 53 - (-63 + 130) - (-4 + -51)?
41
Evaluate -44 + 53 + -34 - 12.
-37
What is the value of 23 - (-1 + 17 - 16) - 8?
15
Calculate 76 + (2 - (-7 - (-24 + 16))) - 16.
61
Evaluate 59 - -2 - (433 - 446).
74
What is the value of 15 - (15 + -15 - -3) - 50?
-38
2 - 1 - ((-1 - -58) + (101 - (60 + 44)))
-53
-1 - ((34 - 27) + -5 + (6 - -2))
-11
Calculate (-10 - -25) + -11 + (0 - (3 + -3)).
4
Calculate (9 - ((-4 - -4) + 2)) + 5 - (-1071 - -1088).
-5
What is -2 + -2 - (-29 + (13 - 4 - -154) + -11)?
-127
Calculate (-11 + 2 - (-23 - (-24 - -23))) + 1 + 7.
21
What is (0 - 1) + 2 + (25 - (12 + -9 - 41))?
64
What is the value of -68 - (13 - -2 - 6) - (-11 + 16)?
-82
What is 1 + -4 + 104 + (16 - (-6 - -4)) + 6?
125
8 + -6 + 0 + 0 + (10 - (-19 - -80))
-49
What is -18 - (25 + 86 - 231)?
102
What is -6 - -1 - (11 + 1 + -29 - 1)?
13
What is (-41 - (-94 + 109)) + 16?
-40
22 + (471 - 477) + 9 + 1
26
Evaluate 71 - (34 - (1 - -9)) - 24.
23
Evaluate -174 + (32 - -130) - (-17 + (-3 - -2)).
6
-153 - ((408 - 446) + 34 + -4)
-145
Calculate 188 + -225 - (1 - -22).
-60
Calculate (-7 - (20 - 9)) + -11.
-29
Evaluate -17 + -1 + 4 + 6 + -2 + 22.
12
What is the value of -77 + 14 - 32 - -36?
-59
-46 + (10 + -21 - (0 - -18))
-75
What is the value of -11 - (8 - (35 + 3 + -10)) - -12?
21
What is 68 + (53 - (21 + 58))?
42
What is (-75 - -62) + 188 - (51 + -3)?
127
What is the value of 123 - (21 - (0 - -31) - (-31 - -4))?
106
What is the value of (0 - -150) + (26250 - 26250)?
150
What is (16 - 2) + -3 + (1008 - 1046)?
-27
48 + (-4 + 22 - 38) + -13
15
What is 50 + (-1 - 1) - (-63 + 98 + -47)?
60
What is the value of -24 - ((-51 - -1) + 62)?
-36
38 - (-17 + 19 + 33) - (-1 + 25)
-21
What is the value of (-8 - -16 - (6 - 8) - 26) + 104?
88
What is -1 - (-73 + 0) - (413 - (748 + -356))?
51
Calculate (31 - 13) + (20 + -12 - 10).
16
(-8 - (-15 + 13)) + 12 - (-7 + 2)
11
Calculate (12 - (78 + -28)) + 57 + 1 + -3.
17
What is 19 + (-9 + -36 - -21) + (-2 - -1 - -2)?
-4
Calculate (2 - ((28 - 32) + -13)) + 37.
56
Evaluate (-48 + -4 + -1 - 10) + (2 - (-9 + 11)).
-63
What is ((19 - 27) + 62 - (-12 + 24)) + 10 + 2?
54
(-15 + -1 - (2 + 1)) + (351 - 339)
-7
Calculate -138 + 59 - (-6 + -114).
41
What is -94 + 109 + 20 + (-2 - -5)?
38
-6 - (2 + 1) - (-66 - -98)
-41
What is 18 - (80 + -107) - (1 + 10)?
34
24 + -3 + -75 - -18
-36
Evaluate -7 - -9 - ((-205 - -196) + (-3 + 1 - -13)).
0
What is the value of -165 + -115 + 95 + 163?
-22
(25 - (11 + -11)) + (-5 - -8 - 1)
27
What is 660 + -583 + (1 + -3 - 16)?
59
What is the value of 897 - 880 - (-2 - -12) - -92?
99
(8 - (2 + 13) - (46 + (2 - 1))) + -1
-55
What is (184 - (51 - 24)) + 3 + -29?
131
What is 4 + -101 - -106 - (-1 - -36 - 2)?
-24
What is the value of (-33 - (-24 - (-12 - -9))) + 0?
-12
-18 + (-7 - -9) + (-24 - -28) + -24
-36
What is the value of -1 + -73 - (18464 + -18657)?
119
Evaluate (42 - 20) + (18 - (-12 + 9)).
43
What is the value of -64 + 6 + -1 + (22 - -6 - 24)?
-55
What is the value of 44 - (-24 + 33 + -14 + 30)?
19
What is -4 + 19 - (-6 + 10 + 15) - 42?
-46
What is the value of 5 + -8 + (2 - 1) + -60 + 95 + -153?
-120
Evaluate 38 - (3 + (-12 - (-9 + -13) - 4)).
29
Calculate -108 - -102 - (74 - (1 + (6 - (-3 + 8)))).
-78
-5 + (118 - 3 - (-34 - -27 - -31))
86
(-1 - -3 - -12) + -42 + -1 + 13
-16
What is the value of 70228 + -70138 + -12 + -3 + (1 - -1) + 1?
78
Calculate 60 + -122 + -17 - -117.
38
Calculate (8 - -2) + (-5 - 20).
-15
What is the value of -42 + 38 - (10 - (3 + (-10 - (0 - 15))))?
-6
Calculate -3 + 0 + -15 + 61 + 21 + -18.
46
Evaluate (22 - 27) + (14 - (4 - (-4 - -7) - -7)).
1
Evaluate ((1 - 2) + 9 - (-554 - -572)) + 45 + -2.
33
Evaluate (2107 - 2089) + -2 + -8.
8
Calculate (-2 - -2) + 11 + -3 - 24 - 29.
-45
What is the value of 29 + -17 + 15 + -3 - 4?
20
-14 - (-26 - -6) - ((-4 - -5) + -4)
9
Evaluate 2 + -4 + (-85 + 16 - -8) + 19.
-44
What is (-22 - 1) + -736 + 748 - (-45 + 6)?
28
What is the value of -11 - ((-21 - 0 - -11) + 4 + 7 + 0)?
-12
Evaluate 48 + 79 + -51 + -97.
-21
1 + -7 + (-9 - 64) + 21 + 9 + 9
-40
What is 14 + (-41 - 21) + 37?
-11
Evaluate 141 - 89 - 127 - -203.
128
What is the value of 0 + -20 - (-35 + -44 + 51)?
8
(0 - -71) + (-17942 - -17970)
99
Calculate (-124 - 16) + (-28 + 17 - -30).
-121
-1 + 56 + 0 + -17 + (631 - 615)
54
What is -1 + 18 + -35 + (6 - -14) + -23?
-21
What is the value of 46 + -122 + 52 + 6?
-18
Calculate -1 + 3 + -16 + (41 + 11 - 22).
16
What is the value of (-1 + 19 - (313 - 329)) + -17?
17
Calculate (-13 - 2) + 188 + -212 + 165.
126
(-18 - (-1 + -15)) + -10 + 0 - -10
-2
What is the value of (-13 - (-2 - (-16 + (4 - -6)))) + (-3 - -1)?
-19
-10 + (24 - 43) + 27 + -11 + -10 + 0
-23
(8 - -3) + (-26 - -18) + 50
53
What is the value of 7 + -61 + (1 + -17 - (3 - 26))?
-47
(31 + -19 - 20) + -18 + 76
50
Evaluate 88 - (-74 - -160) - -11.
13
Evaluate (-25 - -18) + -1 + -40.
-48
What is -32 - (40 - (-4 - (18 + -49)))?
-45
16 - 50 - 48 - -9
-73
(75 - (47 + 18)) + -100
-90
2 + (-12 - (-3 + 4)) + (-11 - (-8 - 5))
-9
Evaluate 1 - -3 - (54 + -1 + (-27 - -54) + -49).
-27
What is 35 + (28 - ((-1 - -40) + 4))?
20
What is the value of 74 + (-214 - -249 - (3 - -63))?
43
Calculate -11 + (2 + 8 - (-1 + 2 + 0)).
-2
Calculate -23 + -1 + (3 - -23).
2
80 - (-22 + -31 + 72 + -62)
123
Evaluate -93 + 54 + -24 - -22.
-41
What is 30 + -1160 + 1150 + (0 - -31)?
51
What is -27 - -158 - (19 + -1 - (49 - (-44 + 86)))?
120
What is the value of (25 - 56 - (-4 + 3)) + (-9 - 4)?
-43
Calculate 40 - (-39 + 19 + -6 + (7 - -1)).
58
What is -15 + 13 + 2 - (-2 - 2) - (-3 + -56)?
63
What is -14 - (-28 + (-11 - 71))?
96
What is the value of (-64 - (-20 - 54)) + 3 + (-8 - 3)?
2
What is the value of -21 - ((5 - -12 - -21) + -29)?
-30
What is the value of 26 + (-2 + 3 - -10 - (-18 - (-55 - -29)))?
29
Calculate (-1 - 72) + 73 + -202 + 128.
-74
What is the value of 0 - 37 - (4 + 23 + -15 + -6) - 2?
-45
What is the value of (-14 + 0 - -25 - 7) + 3 + -4 + -3?
0
What is 8 - (0 - -1) - (-33 - (-41 + 13)) - 5?
7
What is the value of 13893 + -13910 - (3 - (-3 - 36))?
-59
What is (-2 - -17) + 1 + 3300 + -3321 + 10?
5
What is the value of 10 + (-7 + (-7 - 74) - (-17 + 9 + 13))?
-83
What is the value of 23 - 41 - -55 - ((-1 - (5 + -11)) + -15)?
47
Evaluate 12 + -10 + 16 - (5 + (-23 - -1)).
35
What is 250 - 252 - (5 + (-1 - -12 - -3))?
-21
-42 + (-19 - -2) + 113 + -80
-26
What is the value of -33 - (-1 + -5 + 2) - (136 + -141)?
-24
What is -187 + 189 - (3 + -1 - -49) - (21 - 11)?
-59
What is 24 + -1 - (-4 + (-9 - (-5 + 0)) + 1)?
30
Calculate -13 + 12 - (-18 + 26) - -28.
19
Evaluate -62 - (-36 + 0 - (-125 + (191 - 84))).
-44
-1 + 71 - (-37 - 0 - (2 + -40))
69
What is the value of -76 - (-15 - (221 - 131))?
29
Calculate -21 + 0 + (3144 - 3186).
-63
What is the value of ((25 - 8) + -31 - (-1 + -5)) + 45?
37
What is 1 + -2 - (-67 - -72) - -14?
8
-19 + 0 + 24 + -1 + (-2 - (26 - 1))
-23
Evaluate 1 - -3 - (81 - (-77 + 121)).
-33
What is the value of -126 + 48 + (-58 + 0 - -37)?
-99
What is the value of 52 + 0 + -17 + -100 + 114?
49
What is -3 + 1 - (-3 + 0 + 11 + (36 - -20))?
-66
What is the value of (53 - 50) + (-23 - -68)?
48
What is -94 - -47 - -66 - ((1 - -4) + -10)?
24
-9 + (-4 - -8) - 5 - (36 - (-27 + 37))
-36
(28 - (6 - 15)) + -48
-11
Evaluate -4 - 145 - (5647 + -5651).
-145
-48 + 43 - -36 - 53
-22
What is -8 - (3 + -22 - 0 - (-202 + 225))?
34
Evaluate -74 + 107 + -25 - (-28 - -2).
34
Evaluate -16 - ((-15 - -8) + -7) - 32.
-34
What is the value of 4 + 144 + 1002 + -1052?
98
What is the value of -202 + 179 + (-1 - 71 - 14)?
-109
-125 + 66 - -19 - 19
-59
Evaluate -213 + 260 + -48 + 4.
3
What is (-1 - 42) + (-1 + 17 - (-127 - -130) - 18)?
-48
What is (-51 - -89) + -37 - -25?
26
What is (-100 - -143) + 1 + -37 - (-120 + -1)?
128
What is the value of -104 - (-122 + -23) - 48?
-7
Evaluate (14 - (-10 + 15 + -11 - -16)) + -52.
-48
What is the value of (-1 - 5) + (61 - 15) + -11 + 6?
35
(0 + -3 - -85) + 28 + 12 + -56
66
Calculate -75 + 119 + -16 + -51.
-23
Evaluate -1683 + 1704 +